{"id":268,"date":"2022-02-19T16:14:14","date_gmt":"2022-02-19T15:14:14","guid":{"rendered":"https:\/\/95.128.25.24.aa5d6d21.uncloud.co\/home\/?page_id=268"},"modified":"2025-12-29T12:46:28","modified_gmt":"2025-12-29T11:46:28","slug":"falstersgade-40","status":"publish","type":"page","link":"\/home\/lejemaal\/falstersgade-40\/","title":{"rendered":"Falstersgade 40 (ejendommen)"},"content":{"rendered":"\n<p>Ejendommen Falstersgade 40 er en klassisk, mellemstor \u00d8-gade-ejendom med 3 3-v\u00e6relses lejligheder, en 2 1\/2-v\u00e6relses og en enkelt 2-v\u00e6relses, der alle har originale plankegulve, dannebrogsvinduer og stuklofter her og der. I ejendommens k\u00e6lder er der f\u00e6lles vaskerum, depotrum og lidt plads til cykler. Ejendommen har en hyggelig g\u00e5rd  med en lille gr\u00e6spl\u00e6ne i et hyggeligt og velholdt f\u00e6lles g\u00e5rdmilj\u00f8.<\/p>\n\n\n<div class=\"wp-block-image\">\n<figure class=\"aligncenter size-large is-resized\"><img loading=\"lazy\" decoding=\"async\" src=\"\/home\/wp-content\/uploads\/2022\/11\/Falstersgade40-1024x741.jpg\" alt=\"\" class=\"wp-image-566\" width=\"595\" height=\"430\"\/><\/figure><\/div>","protected":false},"excerpt":{"rendered":"<p>Ejendommen Falstersgade 40 er en klassisk, mellemstor \u00d8-gade-ejendom med 3 3-v\u00e6relses lejligheder, en 2 1\/2-v\u00e6relses og en enkelt 2-v\u00e6relses, der alle har originale plankegulve, dannebrogsvinduer og stuklofter her og der. I ejendommens k\u00e6lder er der f\u00e6lles vaskerum, depotrum og lidt plads til cykler. Ejendommen har en hyggelig g\u00e5rd med en lille gr\u00e6spl\u00e6ne i et hyggeligt [&hellip;]<\/p>\n","protected":false},"author":1,"featured_media":566,"parent":2,"menu_order":2,"comment_status":"closed","ping_status":"closed","template":"","meta":{"footnotes":""},"categories":[],"tags":[17,19],"class_list":["post-268","page","type-page","status-publish","has-post-thumbnail","hentry","tag-falstersgade-40","tag-ledig"],"jetpack_sharing_enabled":true,"featured_image_src":"\/home\/wp-content\/uploads\/2022\/11\/Falstersgade40-600x400.jpg","featured_image_src_square":"\/home\/wp-content\/uploads\/2022\/11\/Falstersgade40-600x600.jpg","rttpg_featured_image_url":{"full":["\/home\/wp-content\/uploads\/2022\/11\/Falstersgade40.jpg",1842,1333,false],"landscape":["\/home\/wp-content\/uploads\/2022\/11\/Falstersgade40.jpg",1842,1333,false],"portraits":["\/home\/wp-content\/uploads\/2022\/11\/Falstersgade40.jpg",1842,1333,false],"thumbnail":["\/home\/wp-content\/uploads\/2022\/11\/Falstersgade40-150x150.jpg",150,150,true],"medium":["\/home\/wp-content\/uploads\/2022\/11\/Falstersgade40-300x217.jpg",300,217,true],"large":["\/home\/wp-content\/uploads\/2022\/11\/Falstersgade40-1024x741.jpg",800,579,true],"1536x1536":["\/home\/wp-content\/uploads\/2022\/11\/Falstersgade40-1536x1112.jpg",1536,1112,true],"2048x2048":["\/home\/wp-content\/uploads\/2022\/11\/Falstersgade40.jpg",1842,1333,false],"ab-block-post-grid-landscape":["\/home\/wp-content\/uploads\/2022\/11\/Falstersgade40-600x400.jpg",600,400,true],"ab-block-post-grid-square":["\/home\/wp-content\/uploads\/2022\/11\/Falstersgade40-600x600.jpg",600,600,true],"mailpoet_newsletter_max":["\/home\/wp-content\/uploads\/2022\/11\/Falstersgade40-1320x955.jpg",1320,955,true]},"rttpg_author":{"display_name":"o@origo.io","author_link":"\/home\/author\/oorigo-io\/"},"rttpg_comment":0,"rttpg_category":false,"rttpg_excerpt":"Ejendommen Falstersgade 40 er en klassisk, mellemstor \u00d8-gade-ejendom med 3 3-v\u00e6relses lejligheder, en 2 1\/2-v\u00e6relses og en enkelt 2-v\u00e6relses, der alle har originale plankegulve, dannebrogsvinduer og stuklofter her og der. I ejendommens k\u00e6lder er der f\u00e6lles vaskerum, depotrum og lidt plads til cykler. Ejendommen har en hyggelig g\u00e5rd med en lille gr\u00e6spl\u00e6ne i et hyggeligt&hellip;","_links":{"self":[{"href":"\/home\/wp-json\/wp\/v2\/pages\/268","targetHints":{"allow":["GET"]}}],"collection":[{"href":"\/home\/wp-json\/wp\/v2\/pages"}],"about":[{"href":"\/home\/wp-json\/wp\/v2\/types\/page"}],"author":[{"embeddable":true,"href":"\/home\/wp-json\/wp\/v2\/users\/1"}],"replies":[{"embeddable":true,"href":"\/home\/wp-json\/wp\/v2\/comments?post=268"}],"version-history":[{"count":4,"href":"\/home\/wp-json\/wp\/v2\/pages\/268\/revisions"}],"predecessor-version":[{"id":649,"href":"\/home\/wp-json\/wp\/v2\/pages\/268\/revisions\/649"}],"up":[{"embeddable":true,"href":"\/home\/wp-json\/wp\/v2\/pages\/2"}],"wp:featuredmedia":[{"embeddable":true,"href":"\/home\/wp-json\/wp\/v2\/media\/566"}],"wp:attachment":[{"href":"\/home\/wp-json\/wp\/v2\/media?parent=268"}],"wp:term":[{"taxonomy":"category","embeddable":true,"href":"\/home\/wp-json\/wp\/v2\/categories?post=268"},{"taxonomy":"post_tag","embeddable":true,"href":"\/home\/wp-json\/wp\/v2\/tags?post=268"}],"curies":[{"name":"wp","href":"https:\/\/api.w.org\/{rel}","templated":true}]}}