{"id":157,"date":"2022-02-18T18:54:53","date_gmt":"2022-02-18T17:54:53","guid":{"rendered":"https:\/\/95.128.25.24.aa5d6d21.uncloud.co\/home\/?page_id=157"},"modified":"2025-12-29T12:45:17","modified_gmt":"2025-12-29T11:45:17","slug":"falstersgade-47-4-sal","status":"publish","type":"page","link":"\/home\/lejemaal\/falstersgade-47\/falstersgade-47-4-sal\/","title":{"rendered":"Falstersgade 47, 4. sal (52 m2 + hems)"},"content":{"rendered":"\n<p>Hyggelig lejlighed i \u00d8gaderne med to gode v\u00e6relser, entr\u00e9, nyere k\u00f8kken og rummeligt badev\u00e6relse udlejes.<br>Lejligheden ligger p\u00e5 \u00f8verste etage med sydvendt stue og k\u00f8kken, og har desuden en stor hems, der kan benyttes til sovev\u00e6relse.<br>Lejligheden er ikke dele-venlig, men er rigtig god til et k\u00e6restepar, der \u00f8nsker at bo sammen i et hyggeligt kvarter.<\/p>\n\n\n\n<figure class=\"wp-block-gallery has-nested-images columns-default is-cropped wp-block-gallery-1 is-layout-flex wp-block-gallery-is-layout-flex\">\n<figure class=\"wp-block-image size-large\"><a href=\"\/home\/wp-content\/uploads\/2022\/02\/Falstersgade_47-4.sal-b.jpg\" data-rel=\"lightbox-gallery-VWsZFlFo\" data-rl_title=\"\" data-rl_caption=\"\" title=\"\"><img loading=\"lazy\" decoding=\"async\" width=\"1051\" height=\"730\" data-id=\"241\" src=\"\/home\/wp-content\/uploads\/2022\/02\/Falstersgade_47-4.sal-b.jpg\" alt=\"\" class=\"wp-image-241\"\/><\/a><\/figure>\n\n\n\n<figure class=\"wp-block-image size-large\"><a href=\"\/home\/wp-content\/uploads\/2022\/02\/Falstersgade_47-4.sal-c.jpg\" data-rel=\"lightbox-gallery-VWsZFlFo\" data-rl_title=\"\" data-rl_caption=\"\" title=\"\"><img loading=\"lazy\" decoding=\"async\" width=\"1051\" height=\"730\" data-id=\"242\" src=\"\/home\/wp-content\/uploads\/2022\/02\/Falstersgade_47-4.sal-c.jpg\" alt=\"\" class=\"wp-image-242\"\/><\/a><\/figure>\n\n\n\n<figure class=\"wp-block-image size-large\"><a href=\"\/home\/wp-content\/uploads\/2022\/02\/Falstersgade_47-4.sal-a.jpg\" data-rel=\"lightbox-gallery-VWsZFlFo\" data-rl_title=\"\" data-rl_caption=\"\" title=\"\"><img loading=\"lazy\" decoding=\"async\" width=\"2126\" height=\"1476\" data-id=\"240\" src=\"\/home\/wp-content\/uploads\/2022\/02\/Falstersgade_47-4.sal-a.jpg\" alt=\"\" class=\"wp-image-240\"\/><\/a><\/figure>\n<\/figure>\n\n\n\n<div style=\"height:28px\" aria-hidden=\"true\" class=\"wp-block-spacer\"><\/div>\n\n\n\n<div style=\"color:#32373c;background-color:#209cef\" class=\"wp-block-atomic-blocks-ab-notice ab-font-size-18 ab-block-notice\" data-id=\"4059b0\"><div class=\"ab-notice-title\" style=\"color:#fff\"><p>Info<\/p><\/div><div class=\"ab-notice-text\" style=\"border-color:#209cef\"><p>Lejligheden er ledig per 14\/7-2025.<br\/>Den m\u00e5nedlige husleje er 8.100 kr.<br\/>De m\u00e5nedlige aconto-udgifter er 350 kr. til varme.<br\/>Der betales 2 m\u00e5neders leje i depositum og 1 m\u00e5neds leje i forudbetalt leje.<\/p><\/div><\/div>\n\n\n\n<div style=\"height:28px\" aria-hidden=\"true\" class=\"wp-block-spacer\"><\/div>\n\n\n\n<div style=\"text-align:center\" class=\"wp-block-atomic-blocks-ab-button ab-block-button\"><a href=\"\/home\/book-fremvisning\/\" class=\"ab-button ab-button-shape-rounded ab-button-size-medium\" style=\"color:#ffffff;background-color:#0693e3\">Book en fremvisning<\/a><\/div>\n","protected":false},"excerpt":{"rendered":"<p>Hyggelig lejlighed i \u00d8gaderne med to gode v\u00e6relser, entr\u00e9, nyere k\u00f8kken og rummeligt badev\u00e6relse udlejes.Lejligheden ligger p\u00e5 \u00f8verste etage med sydvendt stue og k\u00f8kken, og har desuden en stor hems, der kan benyttes til sovev\u00e6relse.Lejligheden er ikke dele-venlig, men er rigtig god til et k\u00e6restepar, der \u00f8nsker at bo sammen i et hyggeligt kvarter.<\/p>\n","protected":false},"author":1,"featured_media":241,"parent":267,"menu_order":4,"comment_status":"closed","ping_status":"closed","template":"","meta":{"footnotes":""},"categories":[],"tags":[16],"class_list":["post-157","page","type-page","status-publish","has-post-thumbnail","hentry","tag-falstersgade-47"],"jetpack_sharing_enabled":true,"featured_image_src":"\/home\/wp-content\/uploads\/2022\/02\/Falstersgade_47-4.sal-b.jpg","featured_image_src_square":"\/home\/wp-content\/uploads\/2022\/02\/Falstersgade_47-4.sal-b.jpg","rttpg_featured_image_url":{"full":["\/home\/wp-content\/uploads\/2022\/02\/Falstersgade_47-4.sal-b.jpg",1051,730,false],"landscape":["\/home\/wp-content\/uploads\/2022\/02\/Falstersgade_47-4.sal-b.jpg",1051,730,false],"portraits":["\/home\/wp-content\/uploads\/2022\/02\/Falstersgade_47-4.sal-b.jpg",1051,730,false],"thumbnail":["\/home\/wp-content\/uploads\/2022\/02\/Falstersgade_47-4.sal-b-150x150.jpg",150,150,true],"medium":["\/home\/wp-content\/uploads\/2022\/02\/Falstersgade_47-4.sal-b-300x208.jpg",300,208,true],"large":["\/home\/wp-content\/uploads\/2022\/02\/Falstersgade_47-4.sal-b-1024x711.jpg",800,555,true],"1536x1536":["\/home\/wp-content\/uploads\/2022\/02\/Falstersgade_47-4.sal-b.jpg",1051,730,false],"2048x2048":["\/home\/wp-content\/uploads\/2022\/02\/Falstersgade_47-4.sal-b.jpg",1051,730,false],"ab-block-post-grid-landscape":["\/home\/wp-content\/uploads\/2022\/02\/Falstersgade_47-4.sal-b.jpg",576,400,false],"ab-block-post-grid-square":["\/home\/wp-content\/uploads\/2022\/02\/Falstersgade_47-4.sal-b.jpg",600,417,false],"mailpoet_newsletter_max":["\/home\/wp-content\/uploads\/2022\/02\/Falstersgade_47-4.sal-b.jpg",1051,730,false]},"rttpg_author":{"display_name":"o@origo.io","author_link":"\/home\/author\/oorigo-io\/"},"rttpg_comment":0,"rttpg_category":false,"rttpg_excerpt":"Hyggelig lejlighed i \u00d8gaderne med to gode v\u00e6relser, entr\u00e9, nyere k\u00f8kken og rummeligt badev\u00e6relse udlejes.Lejligheden ligger p\u00e5 \u00f8verste etage med sydvendt stue og k\u00f8kken, og har desuden en stor hems, der kan benyttes til sovev\u00e6relse.Lejligheden er ikke dele-venlig, men er rigtig god til et k\u00e6restepar, der \u00f8nsker at bo sammen i et hyggeligt kvarter.","_links":{"self":[{"href":"\/home\/wp-json\/wp\/v2\/pages\/157","targetHints":{"allow":["GET"]}}],"collection":[{"href":"\/home\/wp-json\/wp\/v2\/pages"}],"about":[{"href":"\/home\/wp-json\/wp\/v2\/types\/page"}],"author":[{"embeddable":true,"href":"\/home\/wp-json\/wp\/v2\/users\/1"}],"replies":[{"embeddable":true,"href":"\/home\/wp-json\/wp\/v2\/comments?post=157"}],"version-history":[{"count":13,"href":"\/home\/wp-json\/wp\/v2\/pages\/157\/revisions"}],"predecessor-version":[{"id":823,"href":"\/home\/wp-json\/wp\/v2\/pages\/157\/revisions\/823"}],"up":[{"embeddable":true,"href":"\/home\/wp-json\/wp\/v2\/pages\/267"}],"wp:featuredmedia":[{"embeddable":true,"href":"\/home\/wp-json\/wp\/v2\/media\/241"}],"wp:attachment":[{"href":"\/home\/wp-json\/wp\/v2\/media?parent=157"}],"wp:term":[{"taxonomy":"category","embeddable":true,"href":"\/home\/wp-json\/wp\/v2\/categories?post=157"},{"taxonomy":"post_tag","embeddable":true,"href":"\/home\/wp-json\/wp\/v2\/tags?post=157"}],"curies":[{"name":"wp","href":"https:\/\/api.w.org\/{rel}","templated":true}]}}

<p>Hyggelig lejlighed i Øgaderne med to gode værelser, entré, nyere køkken og rummeligt badeværelse udlejes.<br>Lejligheden ligger på øverste etage med sydvendt stue og køkken, og har desuden en stor hems, der kan benyttes til soveværelse.<br>Lejligheden er ikke dele-venlig, men er rigtig god til et kærestepar, der ønsker at bo sammen i et hyggeligt kvarter.</p>



<figure class="wp-block-gallery has-nested-images columns-default is-cropped wp-block-gallery-1 is-layout-flex wp-block-gallery-is-layout-flex">
<figure class="wp-block-image size-large"><a href="/home/wp-content/uploads/2022/02/Falstersgade_47-4.sal-b.jpg" data-rel="lightbox-gallery-VWsZFlFo" data-rl_title="" data-rl_caption="" title=""><img loading="lazy" decoding="async" width="1051" height="730" data-id="241" src="/home/wp-content/uploads/2022/02/Falstersgade_47-4.sal-b.jpg" alt="" class="wp-image-241"/></a></figure>



<figure class="wp-block-image size-large"><a href="/home/wp-content/uploads/2022/02/Falstersgade_47-4.sal-c.jpg" data-rel="lightbox-gallery-VWsZFlFo" data-rl_title="" data-rl_caption="" title=""><img loading="lazy" decoding="async" width="1051" height="730" data-id="242" src="/home/wp-content/uploads/2022/02/Falstersgade_47-4.sal-c.jpg" alt="" class="wp-image-242"/></a></figure>



<figure class="wp-block-image size-large"><a href="/home/wp-content/uploads/2022/02/Falstersgade_47-4.sal-a.jpg" data-rel="lightbox-gallery-VWsZFlFo" data-rl_title="" data-rl_caption="" title=""><img loading="lazy" decoding="async" width="2126" height="1476" data-id="240" src="/home/wp-content/uploads/2022/02/Falstersgade_47-4.sal-a.jpg" alt="" class="wp-image-240"/></a></figure>
</figure>



<div style="height:28px" aria-hidden="true" class="wp-block-spacer"></div>



<div style="color:#32373c;background-color:#209cef" class="wp-block-atomic-blocks-ab-notice ab-font-size-18 ab-block-notice" data-id="4059b0"><div class="ab-notice-title" style="color:#fff"><p>Info</p></div><div class="ab-notice-text" style="border-color:#209cef"><p>Lejligheden er ledig per 14/7-2025.<br/>Den månedlige husleje er 8.100 kr.<br/>De månedlige aconto-udgifter er 350 kr. til varme.<br/>Der betales 2 måneders leje i depositum og 1 måneds leje i forudbetalt leje.</p></div></div>



<div style="height:28px" aria-hidden="true" class="wp-block-spacer"></div>



<div style="text-align:center" class="wp-block-atomic-blocks-ab-button ab-block-button"><a href="/home/book-fremvisning/" class="ab-button ab-button-shape-rounded ab-button-size-medium" style="color:#ffffff;background-color:#0693e3">Book en fremvisning</a></div>

<p>Hyggelig lejlighed i Øgaderne med to gode værelser, entré, nyere køkken og rummeligt badeværelse udlejes.Lejligheden ligger på øverste etage med sydvendt stue og køkken, og har desuden en stor hems, der kan benyttes til soveværelse.Lejligheden er ikke dele-venlig, men er rigtig god til et kærestepar, der ønsker at bo sammen i et hyggeligt kvarter.</p>

Hyggelig lejlighed i Øgaderne med to gode værelser, entré, nyere køkken og rummeligt badeværelse udlejes.Lejligheden ligger på øverste etage med sydvendt stue og køkken, og har desuden en stor hems, der kan benyttes til soveværelse.Lejligheden er ikke dele-venlig, men er rigtig god til et kærestepar, der ønsker at bo sammen i et hyggeligt kvarter.
