{"id":154,"date":"2022-02-18T18:54:53","date_gmt":"2022-02-18T17:54:53","guid":{"rendered":"https:\/\/95.128.25.24.aa5d6d21.uncloud.co\/home\/?page_id=154"},"modified":"2024-09-05T14:57:32","modified_gmt":"2024-09-05T13:57:32","slug":"falstersgade-47-1-sal","status":"publish","type":"page","link":"\/home\/lejemaal\/falstersgade-47\/falstersgade-47-1-sal\/","title":{"rendered":"Falstersgade 47, 1. sal (58 m2)"},"content":{"rendered":"\n<p>Hyggelig lejlighed i \u00d8gaderne med to gode v\u00e6relser, entr\u00e9, nyere k\u00f8kken og rummeligt badev\u00e6relse udlejes.<br>Lejligheden ligger p\u00e5 1. etage med sydvendt stue og k\u00f8kken.<br>Lejligheden er ikke dele-venlig, men er rigtig god til et k\u00e6restepar, der \u00f8nsker at bo sammen i et hyggeligt kvarter.<\/p>\n\n\n\n<figure class=\"wp-block-gallery has-nested-images columns-default is-cropped wp-block-gallery-1 is-layout-flex wp-block-gallery-is-layout-flex\">\n<figure class=\"wp-block-image size-large\"><a href=\"\/home\/wp-content\/uploads\/2022\/02\/Falstersgade_47-image-009.jpg\" data-rel=\"lightbox-gallery-SECRR8Dt\" data-rl_title=\"\" data-rl_caption=\"\" title=\"\"><img loading=\"lazy\" decoding=\"async\" width=\"1024\" height=\"711\" data-id=\"247\" src=\"\/home\/wp-content\/uploads\/2022\/02\/Falstersgade_47-image-009-1024x711.jpg\" alt=\"\" class=\"wp-image-247\"\/><\/a><\/figure>\n\n\n\n<figure class=\"wp-block-image size-large\"><a href=\"\/home\/wp-content\/uploads\/2022\/02\/Falstersgade_47-1.sal-b-scaled-1.jpg\" data-rel=\"lightbox-gallery-SECRR8Dt\" data-rl_title=\"\" data-rl_caption=\"\" title=\"\"><img loading=\"lazy\" decoding=\"async\" width=\"1024\" height=\"768\" data-id=\"302\" src=\"\/home\/wp-content\/uploads\/2022\/02\/Falstersgade_47-1.sal-b-scaled-1-1024x768.jpg\" alt=\"\" class=\"wp-image-302\"\/><\/a><\/figure>\n\n\n\n<figure class=\"wp-block-image size-large\"><a href=\"\/home\/wp-content\/uploads\/2023\/06\/FG47-2k-scaled.jpg\" data-rel=\"lightbox-gallery-SECRR8Dt\" data-rl_title=\"\" data-rl_caption=\"\" title=\"\"><img loading=\"lazy\" decoding=\"async\" width=\"768\" height=\"1024\" data-id=\"693\" src=\"\/home\/wp-content\/uploads\/2023\/06\/FG47-2k-768x1024.jpg\" alt=\"\" class=\"wp-image-693\"\/><\/a><\/figure>\n\n\n\n<figure class=\"wp-block-image size-large\"><a href=\"\/home\/wp-content\/uploads\/2023\/06\/FG47-2h-scaled.jpg\" data-rel=\"lightbox-gallery-SECRR8Dt\" data-rl_title=\"\" data-rl_caption=\"\" title=\"\"><img loading=\"lazy\" decoding=\"async\" width=\"768\" height=\"1024\" data-id=\"686\" src=\"\/home\/wp-content\/uploads\/2023\/06\/FG47-2h-768x1024.jpg\" alt=\"\" class=\"wp-image-686\"\/><\/a><\/figure>\n\n\n\n<figure class=\"wp-block-image size-large\"><a href=\"\/home\/wp-content\/uploads\/2022\/02\/Falstersgade_47-image-011.jpg\" data-rel=\"lightbox-gallery-SECRR8Dt\" data-rl_title=\"\" data-rl_caption=\"\" title=\"\"><img loading=\"lazy\" decoding=\"async\" width=\"1024\" height=\"711\" data-id=\"249\" src=\"\/home\/wp-content\/uploads\/2022\/02\/Falstersgade_47-image-011-1024x711.jpg\" alt=\"\" class=\"wp-image-249\"\/><\/a><\/figure>\n\n\n\n<figure class=\"wp-block-image size-large\"><a href=\"\/home\/wp-content\/uploads\/2022\/02\/Falstersgade_47-1.sal-g-scaled.jpg\" data-rel=\"lightbox-gallery-SECRR8Dt\" data-rl_title=\"\" data-rl_caption=\"\" title=\"\"><img loading=\"lazy\" decoding=\"async\" width=\"768\" height=\"1024\" data-id=\"232\" src=\"\/home\/wp-content\/uploads\/2022\/02\/Falstersgade_47-1.sal-g-768x1024.jpg\" alt=\"\" class=\"wp-image-232\"\/><\/a><\/figure>\n\n\n\n<figure class=\"wp-block-image size-large\"><a href=\"\/home\/wp-content\/uploads\/2022\/02\/Falstersgade_47-1.sal-f-scaled.jpg\" data-rel=\"lightbox-gallery-SECRR8Dt\" data-rl_title=\"\" data-rl_caption=\"\" title=\"\"><img loading=\"lazy\" decoding=\"async\" width=\"1024\" height=\"768\" data-id=\"231\" src=\"\/home\/wp-content\/uploads\/2022\/02\/Falstersgade_47-1.sal-f-1024x768.jpg\" alt=\"\" class=\"wp-image-231\"\/><\/a><\/figure>\n\n\n\n<figure class=\"wp-block-image size-large\"><a href=\"\/home\/wp-content\/uploads\/2022\/02\/Falstersgade_47-1.sal-e-scaled.jpg\" data-rel=\"lightbox-gallery-SECRR8Dt\" data-rl_title=\"\" data-rl_caption=\"\" title=\"\"><img loading=\"lazy\" decoding=\"async\" width=\"768\" height=\"1024\" data-id=\"230\" src=\"\/home\/wp-content\/uploads\/2022\/02\/Falstersgade_47-1.sal-e-768x1024.jpg\" alt=\"\" class=\"wp-image-230\"\/><\/a><\/figure>\n\n\n\n<figure class=\"wp-block-image size-large\"><a href=\"\/home\/wp-content\/uploads\/2022\/02\/Falstersgade_47-1.sal-a-scaled.jpg\" data-rel=\"lightbox-gallery-SECRR8Dt\" data-rl_title=\"\" data-rl_caption=\"\" title=\"\"><img loading=\"lazy\" decoding=\"async\" width=\"1024\" height=\"768\" data-id=\"226\" src=\"\/home\/wp-content\/uploads\/2022\/02\/Falstersgade_47-1.sal-a-1024x768.jpg\" alt=\"\" class=\"wp-image-226\"\/><\/a><\/figure>\n\n\n\n<figure class=\"wp-block-image size-large\"><a href=\"\/home\/wp-content\/uploads\/2022\/02\/Falstersgade_47-1.sal-d-scaled.jpg\" data-rel=\"lightbox-gallery-SECRR8Dt\" data-rl_title=\"\" data-rl_caption=\"\" title=\"\"><img loading=\"lazy\" decoding=\"async\" width=\"768\" height=\"1024\" data-id=\"229\" src=\"\/home\/wp-content\/uploads\/2022\/02\/Falstersgade_47-1.sal-d-768x1024.jpg\" alt=\"\" class=\"wp-image-229\"\/><\/a><\/figure>\n<\/figure>\n\n\n\n<div style=\"color:#32373c;background-color:#209cef\" class=\"wp-block-atomic-blocks-ab-notice ab-font-size-18 ab-block-notice\" data-id=\"4059b0\"><div class=\"ab-notice-title\" style=\"color:#fff\"><p>Info<\/p><\/div><div class=\"ab-notice-text\" style=\"border-color:#209cef\"><p>Lejligheden er ledig per 1\/10-2024.<br\/>Den m\u00e5nedlige husleje er 7.800 kr.<br\/>De m\u00e5nedlige aconto-udgifter er 550 kr. til varme.<br\/>Der betales 2 m\u00e5neders leje i depositum og 1 m\u00e5neds leje i forudbetalt leje.<\/p><\/div><\/div>\n\n\n\n<div style=\"text-align:center\" class=\"wp-block-atomic-blocks-ab-button ab-block-button\"><a href=\"\/home\/book-fremvisning\/\" class=\"ab-button ab-button-shape-rounded ab-button-size-medium\" style=\"color:#ffffff;background-color:#0693e3\">Book en fremvisning<\/a><\/div>\n","protected":false},"excerpt":{"rendered":"<p>Hyggelig lejlighed i \u00d8gaderne med to gode v\u00e6relser, entr\u00e9, nyere k\u00f8kken og rummeligt badev\u00e6relse udlejes.Lejligheden ligger p\u00e5 1. etage med sydvendt stue og k\u00f8kken.Lejligheden er ikke dele-venlig, men er rigtig god til et k\u00e6restepar, der \u00f8nsker at bo sammen i et hyggeligt kvarter.<\/p>\n","protected":false},"author":1,"featured_media":247,"parent":267,"menu_order":1,"comment_status":"closed","ping_status":"closed","template":"","meta":{"footnotes":""},"categories":[],"tags":[16],"class_list":["post-154","page","type-page","status-publish","has-post-thumbnail","hentry","tag-falstersgade-47"],"jetpack_sharing_enabled":true,"featured_image_src":"\/home\/wp-content\/uploads\/2022\/02\/Falstersgade_47-image-009.jpg","featured_image_src_square":"\/home\/wp-content\/uploads\/2022\/02\/Falstersgade_47-image-009.jpg","rttpg_featured_image_url":{"full":["\/home\/wp-content\/uploads\/2022\/02\/Falstersgade_47-image-009.jpg",1051,730,false],"landscape":["\/home\/wp-content\/uploads\/2022\/02\/Falstersgade_47-image-009.jpg",1051,730,false],"portraits":["\/home\/wp-content\/uploads\/2022\/02\/Falstersgade_47-image-009.jpg",1051,730,false],"thumbnail":["\/home\/wp-content\/uploads\/2022\/02\/Falstersgade_47-image-009-150x150.jpg",150,150,true],"medium":["\/home\/wp-content\/uploads\/2022\/02\/Falstersgade_47-image-009-300x208.jpg",300,208,true],"large":["\/home\/wp-content\/uploads\/2022\/02\/Falstersgade_47-image-009-1024x711.jpg",800,555,true],"1536x1536":["\/home\/wp-content\/uploads\/2022\/02\/Falstersgade_47-image-009.jpg",1051,730,false],"2048x2048":["\/home\/wp-content\/uploads\/2022\/02\/Falstersgade_47-image-009.jpg",1051,730,false],"ab-block-post-grid-landscape":["\/home\/wp-content\/uploads\/2022\/02\/Falstersgade_47-image-009.jpg",576,400,false],"ab-block-post-grid-square":["\/home\/wp-content\/uploads\/2022\/02\/Falstersgade_47-image-009.jpg",600,417,false],"mailpoet_newsletter_max":["\/home\/wp-content\/uploads\/2022\/02\/Falstersgade_47-image-009.jpg",1051,730,false]},"rttpg_author":{"display_name":"o@origo.io","author_link":"\/home\/author\/oorigo-io\/"},"rttpg_comment":0,"rttpg_category":false,"rttpg_excerpt":"Hyggelig lejlighed i \u00d8gaderne med to gode v\u00e6relser, entr\u00e9, nyere k\u00f8kken og rummeligt badev\u00e6relse udlejes.Lejligheden ligger p\u00e5 1. etage med sydvendt stue og k\u00f8kken.Lejligheden er ikke dele-venlig, men er rigtig god til et k\u00e6restepar, der \u00f8nsker at bo sammen i et hyggeligt kvarter.","_links":{"self":[{"href":"\/home\/wp-json\/wp\/v2\/pages\/154","targetHints":{"allow":["GET"]}}],"collection":[{"href":"\/home\/wp-json\/wp\/v2\/pages"}],"about":[{"href":"\/home\/wp-json\/wp\/v2\/types\/page"}],"author":[{"embeddable":true,"href":"\/home\/wp-json\/wp\/v2\/users\/1"}],"replies":[{"embeddable":true,"href":"\/home\/wp-json\/wp\/v2\/comments?post=154"}],"version-history":[{"count":8,"href":"\/home\/wp-json\/wp\/v2\/pages\/154\/revisions"}],"predecessor-version":[{"id":744,"href":"\/home\/wp-json\/wp\/v2\/pages\/154\/revisions\/744"}],"up":[{"embeddable":true,"href":"\/home\/wp-json\/wp\/v2\/pages\/267"}],"wp:featuredmedia":[{"embeddable":true,"href":"\/home\/wp-json\/wp\/v2\/media\/247"}],"wp:attachment":[{"href":"\/home\/wp-json\/wp\/v2\/media?parent=154"}],"wp:term":[{"taxonomy":"category","embeddable":true,"href":"\/home\/wp-json\/wp\/v2\/categories?post=154"},{"taxonomy":"post_tag","embeddable":true,"href":"\/home\/wp-json\/wp\/v2\/tags?post=154"}],"curies":[{"name":"wp","href":"https:\/\/api.w.org\/{rel}","templated":true}]}}