{"id":153,"date":"2022-02-18T18:54:53","date_gmt":"2022-02-18T17:54:53","guid":{"rendered":"https:\/\/95.128.25.24.aa5d6d21.uncloud.co\/home\/?page_id=153"},"modified":"2022-03-18T11:12:15","modified_gmt":"2022-03-18T10:12:15","slug":"falstersgade-47-st","status":"publish","type":"page","link":"\/home\/lejemaal\/falstersgade-47\/falstersgade-47-st\/","title":{"rendered":"Falstersgade 47, st. (58 m2)"},"content":{"rendered":"\n<p>Hyggelig lejlighed i \u00d8gaderne med to gode v\u00e6relser, entr\u00e9, nyere k\u00f8kken og rummeligt badev\u00e6relse udlejes.<br>Lejligheden ligger i h\u00f8j stueetage med sydvendt stue og k\u00f8kken.<br>Lejligheden er ikke dele-venlig, men er rigtig god til et k\u00e6restepar, der \u00f8nsker at bo sammen i et hyggeligt kvarter.<\/p>\n\n\n\n<figure class=\"wp-block-gallery has-nested-images columns-default is-cropped wp-block-gallery-1 is-layout-flex wp-block-gallery-is-layout-flex\">\n<figure class=\"wp-block-image size-large\"><a href=\"\/home\/wp-content\/uploads\/2022\/02\/Falstersgade_47-st-a.jpg\" data-rel=\"lightbox-gallery-ufxJZP7t\" data-rl_title=\"\" data-rl_caption=\"\" title=\"\"><img loading=\"lazy\" decoding=\"async\" width=\"2126\" height=\"1476\" data-id=\"251\" src=\"\/home\/wp-content\/uploads\/2022\/02\/Falstersgade_47-st-a.jpg\" alt=\"\" class=\"wp-image-251\"\/><\/a><\/figure>\n\n\n\n<figure class=\"wp-block-image size-large\"><a href=\"\/home\/wp-content\/uploads\/2022\/02\/Falstersgade_47-image-011.jpg\" data-rel=\"lightbox-gallery-ufxJZP7t\" data-rl_title=\"\" data-rl_caption=\"\" title=\"\"><img loading=\"lazy\" decoding=\"async\" width=\"1051\" height=\"730\" data-id=\"249\" src=\"\/home\/wp-content\/uploads\/2022\/02\/Falstersgade_47-image-011.jpg\" alt=\"\" class=\"wp-image-249\"\/><\/a><\/figure>\n\n\n\n<figure class=\"wp-block-image size-large\"><a href=\"\/home\/wp-content\/uploads\/2022\/02\/Falstersgade_47-image-007.jpg\" data-rel=\"lightbox-gallery-ufxJZP7t\" data-rl_title=\"\" data-rl_caption=\"\" title=\"\"><img loading=\"lazy\" decoding=\"async\" width=\"1051\" height=\"730\" data-id=\"246\" src=\"\/home\/wp-content\/uploads\/2022\/02\/Falstersgade_47-image-007.jpg\" alt=\"\" class=\"wp-image-246\"\/><\/a><\/figure>\n\n\n\n<figure class=\"wp-block-image size-large\"><a href=\"\/home\/wp-content\/uploads\/2022\/02\/Falstersgade_47-st-b.jpg\" data-rel=\"lightbox-gallery-ufxJZP7t\" data-rl_title=\"\" data-rl_caption=\"\" title=\"\"><img loading=\"lazy\" decoding=\"async\" width=\"1051\" height=\"730\" data-id=\"252\" src=\"\/home\/wp-content\/uploads\/2022\/02\/Falstersgade_47-st-b.jpg\" alt=\"\" class=\"wp-image-252\"\/><\/a><\/figure>\n\n\n\n<figure class=\"wp-block-image size-large\"><a href=\"\/home\/wp-content\/uploads\/2022\/02\/Falstersgade_47-image-010.jpg\" data-rel=\"lightbox-gallery-ufxJZP7t\" data-rl_title=\"\" data-rl_caption=\"\" title=\"\"><img loading=\"lazy\" decoding=\"async\" width=\"1051\" height=\"730\" data-id=\"248\" src=\"\/home\/wp-content\/uploads\/2022\/02\/Falstersgade_47-image-010.jpg\" alt=\"\" class=\"wp-image-248\"\/><\/a><\/figure>\n<\/figure>\n\n\n\n<div style=\"height:28px\" aria-hidden=\"true\" class=\"wp-block-spacer\"><\/div>\n\n\n\n<div style=\"color:#32373c;background-color:#209cef\" class=\"wp-block-atomic-blocks-ab-notice ab-font-size-18 ab-block-notice\" data-id=\"4059b0\"><div class=\"ab-notice-title\" style=\"color:#fff\"><p>Info<\/p><\/div><div class=\"ab-notice-text\" style=\"border-color:#209cef\"><p>Lejligheden er ledig per 1\/4-2022.<br\/>Den m\u00e5nedlige husleje er 7.400 kr.<br\/>De m\u00e5nedlige aconto-udgifter er 400 kr. til varme og 200 kr. til vand.<br\/>Der betales 2 m\u00e5neders leje i depositum og 1 m\u00e5neds leje i forudbetalt leje.<\/p><\/div><\/div>\n\n\n\n<div style=\"height:28px\" aria-hidden=\"true\" class=\"wp-block-spacer\"><\/div>\n\n\n\n<div style=\"text-align:center\" class=\"wp-block-atomic-blocks-ab-button ab-block-button\"><a href=\"\/home\/book-fremvisning\/\" class=\"ab-button ab-button-shape-rounded ab-button-size-medium\" style=\"color:#ffffff;background-color:#0693e3\">Book en fremvisning<\/a><\/div>\n","protected":false},"excerpt":{"rendered":"<p>Hyggelig lejlighed i \u00d8gaderne med to gode v\u00e6relser, entr\u00e9, nyere k\u00f8kken og rummeligt badev\u00e6relse udlejes.Lejligheden ligger i h\u00f8j stueetage med sydvendt stue og k\u00f8kken.Lejligheden er ikke dele-venlig, men er rigtig god til et k\u00e6restepar, der \u00f8nsker at bo sammen i et hyggeligt kvarter.<\/p>\n","protected":false},"author":1,"featured_media":251,"parent":267,"menu_order":0,"comment_status":"closed","ping_status":"closed","template":"","meta":{"footnotes":""},"categories":[],"tags":[16],"class_list":["post-153","page","type-page","status-publish","has-post-thumbnail","hentry","tag-falstersgade-47"],"jetpack_sharing_enabled":true,"featured_image_src":"\/home\/wp-content\/uploads\/2022\/02\/Falstersgade_47-st-a.jpg","featured_image_src_square":"\/home\/wp-content\/uploads\/2022\/02\/Falstersgade_47-st-a.jpg","rttpg_featured_image_url":{"full":["\/home\/wp-content\/uploads\/2022\/02\/Falstersgade_47-st-a.jpg",2126,1476,false],"landscape":["\/home\/wp-content\/uploads\/2022\/02\/Falstersgade_47-st-a.jpg",2126,1476,false],"portraits":["\/home\/wp-content\/uploads\/2022\/02\/Falstersgade_47-st-a.jpg",2126,1476,false],"thumbnail":["\/home\/wp-content\/uploads\/2022\/02\/Falstersgade_47-st-a-150x150.jpg",150,150,true],"medium":["\/home\/wp-content\/uploads\/2022\/02\/Falstersgade_47-st-a-300x208.jpg",300,208,true],"large":["\/home\/wp-content\/uploads\/2022\/02\/Falstersgade_47-st-a-1024x711.jpg",800,555,true],"1536x1536":["\/home\/wp-content\/uploads\/2022\/02\/Falstersgade_47-st-a-1536x1066.jpg",1536,1066,true],"2048x2048":["\/home\/wp-content\/uploads\/2022\/02\/Falstersgade_47-st-a-2048x1422.jpg",2048,1422,true],"ab-block-post-grid-landscape":["\/home\/wp-content\/uploads\/2022\/02\/Falstersgade_47-st-a.jpg",576,400,false],"ab-block-post-grid-square":["\/home\/wp-content\/uploads\/2022\/02\/Falstersgade_47-st-a.jpg",600,417,false],"mailpoet_newsletter_max":["\/home\/wp-content\/uploads\/2022\/02\/Falstersgade_47-st-a.jpg",1320,916,false]},"rttpg_author":{"display_name":"o@origo.io","author_link":"\/home\/author\/oorigo-io\/"},"rttpg_comment":0,"rttpg_category":false,"rttpg_excerpt":"Hyggelig lejlighed i \u00d8gaderne med to gode v\u00e6relser, entr\u00e9, nyere k\u00f8kken og rummeligt badev\u00e6relse udlejes.Lejligheden ligger i h\u00f8j stueetage med sydvendt stue og k\u00f8kken.Lejligheden er ikke dele-venlig, men er rigtig god til et k\u00e6restepar, der \u00f8nsker at bo sammen i et hyggeligt kvarter.","_links":{"self":[{"href":"\/home\/wp-json\/wp\/v2\/pages\/153","targetHints":{"allow":["GET"]}}],"collection":[{"href":"\/home\/wp-json\/wp\/v2\/pages"}],"about":[{"href":"\/home\/wp-json\/wp\/v2\/types\/page"}],"author":[{"embeddable":true,"href":"\/home\/wp-json\/wp\/v2\/users\/1"}],"replies":[{"embeddable":true,"href":"\/home\/wp-json\/wp\/v2\/comments?post=153"}],"version-history":[{"count":20,"href":"\/home\/wp-json\/wp\/v2\/pages\/153\/revisions"}],"predecessor-version":[{"id":482,"href":"\/home\/wp-json\/wp\/v2\/pages\/153\/revisions\/482"}],"up":[{"embeddable":true,"href":"\/home\/wp-json\/wp\/v2\/pages\/267"}],"wp:featuredmedia":[{"embeddable":true,"href":"\/home\/wp-json\/wp\/v2\/media\/251"}],"wp:attachment":[{"href":"\/home\/wp-json\/wp\/v2\/media?parent=153"}],"wp:term":[{"taxonomy":"category","embeddable":true,"href":"\/home\/wp-json\/wp\/v2\/categories?post=153"},{"taxonomy":"post_tag","embeddable":true,"href":"\/home\/wp-json\/wp\/v2\/tags?post=153"}],"curies":[{"name":"wp","href":"https:\/\/api.w.org\/{rel}","templated":true}]}}