{"id":151,"date":"2022-02-16T23:23:21","date_gmt":"2022-02-16T22:23:21","guid":{"rendered":"https:\/\/95.128.25.24.aa5d6d21.uncloud.co\/home\/?page_id=151"},"modified":"2023-05-31T14:43:26","modified_gmt":"2023-05-31T13:43:26","slug":"lollandsgade-62-3-sal","status":"publish","type":"page","link":"\/home\/lejemaal\/lollandsgade-62\/lollandsgade-62-3-sal\/","title":{"rendered":"Lollandsgade 62, 3. sal (107 m2 + hems)"},"content":{"rendered":"\n<p>Lejligheden er beliggende p\u00e5 \u00f8verste etage i stille, superhyggelig gade i \u00d8gaderne &#8211; t\u00e6t p\u00e5 skole, b\u00f8rnehave, Latinerkvarter, universitet og centrum.<br>Lejligheden har en stue med tagterasse ud til g\u00e5rden og et flot nyere k\u00f8kken. I forhold til billederne, er der i dag opsat en skillev\u00e6g i stuen, s\u00e5 der s\u00e5ledes er tre gode v\u00e6relser + f\u00e6lles stue.<br>Der er desuden en rigtig god hems, der kan benyttes til sovev\u00e6relse.<\/p>\n\n\n\n<figure class=\"wp-block-gallery has-nested-images columns-default wp-block-gallery-1 is-layout-flex wp-block-gallery-is-layout-flex\">\n<figure class=\"wp-block-image size-medium\"><a href=\"\/home\/wp-content\/uploads\/2022\/02\/lollandsgade_62_3b.jpg\" data-rel=\"lightbox-gallery-XqhP1RXj\" data-rl_title=\"\" data-rl_caption=\"\" title=\"\"><img loading=\"lazy\" decoding=\"async\" width=\"200\" height=\"300\" data-id=\"203\" src=\"\/home\/wp-content\/uploads\/2022\/02\/lollandsgade_62_3b-200x300.jpg\" alt=\"\" class=\"wp-image-203\"\/><\/a><\/figure>\n\n\n\n<figure class=\"wp-block-image size-medium\"><a href=\"\/home\/wp-content\/uploads\/2022\/02\/lollandsgade_62_3a-scaled.jpg\" data-rel=\"lightbox-gallery-XqhP1RXj\" data-rl_title=\"\" data-rl_caption=\"\" title=\"\"><img loading=\"lazy\" decoding=\"async\" width=\"200\" height=\"300\" data-id=\"202\" src=\"\/home\/wp-content\/uploads\/2022\/02\/lollandsgade_62_3a-200x300.jpg\" alt=\"\" class=\"wp-image-202\"\/><\/a><\/figure>\n\n\n\n<figure class=\"wp-block-image size-medium\"><a href=\"\/home\/wp-content\/uploads\/2022\/02\/lollandsgade_62_3c.jpg\" data-rel=\"lightbox-gallery-XqhP1RXj\" data-rl_title=\"\" data-rl_caption=\"\" title=\"\"><img loading=\"lazy\" decoding=\"async\" width=\"200\" height=\"300\" data-id=\"204\" src=\"\/home\/wp-content\/uploads\/2022\/02\/lollandsgade_62_3c-200x300.jpg\" alt=\"\" class=\"wp-image-204\"\/><\/a><\/figure>\n\n\n\n<figure class=\"wp-block-image size-medium\"><a href=\"\/home\/wp-content\/uploads\/2022\/02\/lollandsgade_62_3e.jpg\" data-rel=\"lightbox-gallery-XqhP1RXj\" data-rl_title=\"\" data-rl_caption=\"\" title=\"\"><img loading=\"lazy\" decoding=\"async\" width=\"200\" height=\"300\" data-id=\"206\" src=\"\/home\/wp-content\/uploads\/2022\/02\/lollandsgade_62_3e-200x300.jpg\" alt=\"\" class=\"wp-image-206\"\/><\/a><\/figure>\n\n\n\n<figure class=\"wp-block-image size-medium\"><a href=\"\/home\/wp-content\/uploads\/2022\/02\/lollandsgade_62_3f.jpg\" data-rel=\"lightbox-gallery-XqhP1RXj\" data-rl_title=\"\" data-rl_caption=\"\" title=\"\"><img loading=\"lazy\" decoding=\"async\" width=\"300\" height=\"200\" data-id=\"207\" src=\"\/home\/wp-content\/uploads\/2022\/02\/lollandsgade_62_3f-300x200.jpg\" alt=\"\" class=\"wp-image-207\"\/><\/a><\/figure>\n\n\n\n<figure class=\"wp-block-image size-medium\"><a href=\"\/home\/wp-content\/uploads\/2022\/02\/lollandsgade_62_3i.jpg\" data-rel=\"lightbox-gallery-XqhP1RXj\" data-rl_title=\"\" data-rl_caption=\"\" title=\"\"><img loading=\"lazy\" decoding=\"async\" width=\"200\" height=\"300\" data-id=\"210\" src=\"\/home\/wp-content\/uploads\/2022\/02\/lollandsgade_62_3i-200x300.jpg\" alt=\"\" class=\"wp-image-210\"\/><\/a><\/figure>\n\n\n\n<figure class=\"wp-block-image size-medium\"><a href=\"\/home\/wp-content\/uploads\/2022\/02\/lollandsgade_62_3g.jpg\" data-rel=\"lightbox-gallery-XqhP1RXj\" data-rl_title=\"\" data-rl_caption=\"\" title=\"\"><img loading=\"lazy\" decoding=\"async\" width=\"300\" height=\"200\" data-id=\"208\" src=\"\/home\/wp-content\/uploads\/2022\/02\/lollandsgade_62_3g-300x200.jpg\" alt=\"\" class=\"wp-image-208\"\/><\/a><\/figure>\n\n\n\n<figure class=\"wp-block-image size-medium\"><a href=\"\/home\/wp-content\/uploads\/2022\/02\/lollandsgade_62_3h.jpg\" data-rel=\"lightbox-gallery-XqhP1RXj\" data-rl_title=\"\" data-rl_caption=\"\" title=\"\"><img loading=\"lazy\" decoding=\"async\" width=\"300\" height=\"200\" data-id=\"209\" src=\"\/home\/wp-content\/uploads\/2022\/02\/lollandsgade_62_3h-300x200.jpg\" alt=\"\" class=\"wp-image-209\"\/><\/a><\/figure>\n\n\n\n<figure class=\"wp-block-image size-medium\"><a href=\"\/home\/wp-content\/uploads\/2022\/02\/lollandsgade_62_3d.jpg\" data-rel=\"lightbox-gallery-XqhP1RXj\" data-rl_title=\"\" data-rl_caption=\"\" title=\"\"><img loading=\"lazy\" decoding=\"async\" width=\"300\" height=\"200\" data-id=\"205\" src=\"\/home\/wp-content\/uploads\/2022\/02\/lollandsgade_62_3d-300x200.jpg\" alt=\"\" class=\"wp-image-205\"\/><\/a><\/figure>\n\n\n\n<figure class=\"wp-block-image size-medium\"><a href=\"\/home\/wp-content\/uploads\/2022\/02\/lollandsgade_62_3k.jpg\" data-rel=\"lightbox-gallery-XqhP1RXj\" data-rl_title=\"\" data-rl_caption=\"\" title=\"\"><img loading=\"lazy\" decoding=\"async\" width=\"300\" height=\"179\" data-id=\"212\" src=\"\/home\/wp-content\/uploads\/2022\/02\/lollandsgade_62_3k-300x179.jpg\" alt=\"\" class=\"wp-image-212\"\/><\/a><\/figure>\n<\/figure>\n\n\n\n<div style=\"height:34px\" aria-hidden=\"true\" class=\"wp-block-spacer\"><\/div>\n\n\n\n\n\n<div style=\"height:28px\" aria-hidden=\"true\" class=\"wp-block-spacer\"><\/div>\n\n\n\n<div style=\"text-align:center\" class=\"wp-block-atomic-blocks-ab-button ab-block-button\"><a href=\"\/home\/book-fremvisning\/\" class=\"ab-button ab-button-shape-rounded ab-button-size-medium\" style=\"color:#ffffff;background-color:#0693e3\">Book en fremvisning<\/a><\/div>\n","protected":false},"excerpt":{"rendered":"<p>Lejligheden er beliggende p\u00e5 \u00f8verste etage i stille, superhyggelig gade i \u00d8gaderne &#8211; t\u00e6t p\u00e5 skole, b\u00f8rnehave, Latinerkvarter, universitet og centrum.Lejligheden har en stue med tagterasse ud til g\u00e5rden og et flot nyere k\u00f8kken. I forhold til billederne, er der i dag opsat en skillev\u00e6g i stuen, s\u00e5 der s\u00e5ledes er tre gode v\u00e6relser + [&hellip;]<\/p>\n","protected":false},"author":1,"featured_media":203,"parent":253,"menu_order":3,"comment_status":"closed","ping_status":"closed","template":"","meta":{"footnotes":""},"categories":[],"tags":[15],"class_list":["post-151","page","type-page","status-publish","has-post-thumbnail","hentry","tag-lollandsgade-62"],"jetpack_sharing_enabled":true,"featured_image_src":"\/home\/wp-content\/uploads\/2022\/02\/lollandsgade_62_3b.jpg","featured_image_src_square":"\/home\/wp-content\/uploads\/2022\/02\/lollandsgade_62_3b.jpg","rttpg_featured_image_url":{"full":["\/home\/wp-content\/uploads\/2022\/02\/lollandsgade_62_3b.jpg",720,1080,false],"landscape":["\/home\/wp-content\/uploads\/2022\/02\/lollandsgade_62_3b.jpg",720,1080,false],"portraits":["\/home\/wp-content\/uploads\/2022\/02\/lollandsgade_62_3b.jpg",720,1080,false],"thumbnail":["\/home\/wp-content\/uploads\/2022\/02\/lollandsgade_62_3b-150x150.jpg",150,150,true],"medium":["\/home\/wp-content\/uploads\/2022\/02\/lollandsgade_62_3b-200x300.jpg",200,300,true],"large":["\/home\/wp-content\/uploads\/2022\/02\/lollandsgade_62_3b-683x1024.jpg",683,1024,true],"1536x1536":["\/home\/wp-content\/uploads\/2022\/02\/lollandsgade_62_3b.jpg",720,1080,false],"2048x2048":["\/home\/wp-content\/uploads\/2022\/02\/lollandsgade_62_3b.jpg",720,1080,false],"ab-block-post-grid-landscape":["\/home\/wp-content\/uploads\/2022\/02\/lollandsgade_62_3b.jpg",267,400,false],"ab-block-post-grid-square":["\/home\/wp-content\/uploads\/2022\/02\/lollandsgade_62_3b.jpg",400,600,false],"mailpoet_newsletter_max":["\/home\/wp-content\/uploads\/2022\/02\/lollandsgade_62_3b.jpg",720,1080,false]},"rttpg_author":{"display_name":"o@origo.io","author_link":"\/home\/author\/oorigo-io\/"},"rttpg_comment":0,"rttpg_category":false,"rttpg_excerpt":"Lejligheden er beliggende p\u00e5 \u00f8verste etage i stille, superhyggelig gade i \u00d8gaderne &#8211; t\u00e6t p\u00e5 skole, b\u00f8rnehave, Latinerkvarter, universitet og centrum.Lejligheden har en stue med tagterasse ud til g\u00e5rden og et flot nyere k\u00f8kken. I forhold til billederne, er der i dag opsat en skillev\u00e6g i stuen, s\u00e5 der s\u00e5ledes er tre gode v\u00e6relser +&hellip;","_links":{"self":[{"href":"\/home\/wp-json\/wp\/v2\/pages\/151","targetHints":{"allow":["GET"]}}],"collection":[{"href":"\/home\/wp-json\/wp\/v2\/pages"}],"about":[{"href":"\/home\/wp-json\/wp\/v2\/types\/page"}],"author":[{"embeddable":true,"href":"\/home\/wp-json\/wp\/v2\/users\/1"}],"replies":[{"embeddable":true,"href":"\/home\/wp-json\/wp\/v2\/comments?post=151"}],"version-history":[{"count":38,"href":"\/home\/wp-json\/wp\/v2\/pages\/151\/revisions"}],"predecessor-version":[{"id":619,"href":"\/home\/wp-json\/wp\/v2\/pages\/151\/revisions\/619"}],"up":[{"embeddable":true,"href":"\/home\/wp-json\/wp\/v2\/pages\/253"}],"wp:featuredmedia":[{"embeddable":true,"href":"\/home\/wp-json\/wp\/v2\/media\/203"}],"wp:attachment":[{"href":"\/home\/wp-json\/wp\/v2\/media?parent=151"}],"wp:term":[{"taxonomy":"category","embeddable":true,"href":"\/home\/wp-json\/wp\/v2\/categories?post=151"},{"taxonomy":"post_tag","embeddable":true,"href":"\/home\/wp-json\/wp\/v2\/tags?post=151"}],"curies":[{"name":"wp","href":"https:\/\/api.w.org\/{rel}","templated":true}]}}

<p>Lejligheden er beliggende på øverste etage i stille, superhyggelig gade i Øgaderne &#8211; tæt på skole, børnehave, Latinerkvarter, universitet og centrum.<br>Lejligheden har en stue med tagterasse ud til gården og et flot nyere køkken. I forhold til billederne, er der i dag opsat en skillevæg i stuen, så der således er tre gode værelser + fælles stue.<br>Der er desuden en rigtig god hems, der kan benyttes til soveværelse.</p>



<figure class="wp-block-gallery has-nested-images columns-default wp-block-gallery-1 is-layout-flex wp-block-gallery-is-layout-flex">
<figure class="wp-block-image size-medium"><a href="/home/wp-content/uploads/2022/02/lollandsgade_62_3b.jpg" data-rel="lightbox-gallery-XqhP1RXj" data-rl_title="" data-rl_caption="" title=""><img loading="lazy" decoding="async" width="200" height="300" data-id="203" src="/home/wp-content/uploads/2022/02/lollandsgade_62_3b-200x300.jpg" alt="" class="wp-image-203"/></a></figure>



<figure class="wp-block-image size-medium"><a href="/home/wp-content/uploads/2022/02/lollandsgade_62_3a-scaled.jpg" data-rel="lightbox-gallery-XqhP1RXj" data-rl_title="" data-rl_caption="" title=""><img loading="lazy" decoding="async" width="200" height="300" data-id="202" src="/home/wp-content/uploads/2022/02/lollandsgade_62_3a-200x300.jpg" alt="" class="wp-image-202"/></a></figure>



<figure class="wp-block-image size-medium"><a href="/home/wp-content/uploads/2022/02/lollandsgade_62_3c.jpg" data-rel="lightbox-gallery-XqhP1RXj" data-rl_title="" data-rl_caption="" title=""><img loading="lazy" decoding="async" width="200" height="300" data-id="204" src="/home/wp-content/uploads/2022/02/lollandsgade_62_3c-200x300.jpg" alt="" class="wp-image-204"/></a></figure>



<figure class="wp-block-image size-medium"><a href="/home/wp-content/uploads/2022/02/lollandsgade_62_3e.jpg" data-rel="lightbox-gallery-XqhP1RXj" data-rl_title="" data-rl_caption="" title=""><img loading="lazy" decoding="async" width="200" height="300" data-id="206" src="/home/wp-content/uploads/2022/02/lollandsgade_62_3e-200x300.jpg" alt="" class="wp-image-206"/></a></figure>



<figure class="wp-block-image size-medium"><a href="/home/wp-content/uploads/2022/02/lollandsgade_62_3f.jpg" data-rel="lightbox-gallery-XqhP1RXj" data-rl_title="" data-rl_caption="" title=""><img loading="lazy" decoding="async" width="300" height="200" data-id="207" src="/home/wp-content/uploads/2022/02/lollandsgade_62_3f-300x200.jpg" alt="" class="wp-image-207"/></a></figure>



<figure class="wp-block-image size-medium"><a href="/home/wp-content/uploads/2022/02/lollandsgade_62_3i.jpg" data-rel="lightbox-gallery-XqhP1RXj" data-rl_title="" data-rl_caption="" title=""><img loading="lazy" decoding="async" width="200" height="300" data-id="210" src="/home/wp-content/uploads/2022/02/lollandsgade_62_3i-200x300.jpg" alt="" class="wp-image-210"/></a></figure>



<figure class="wp-block-image size-medium"><a href="/home/wp-content/uploads/2022/02/lollandsgade_62_3g.jpg" data-rel="lightbox-gallery-XqhP1RXj" data-rl_title="" data-rl_caption="" title=""><img loading="lazy" decoding="async" width="300" height="200" data-id="208" src="/home/wp-content/uploads/2022/02/lollandsgade_62_3g-300x200.jpg" alt="" class="wp-image-208"/></a></figure>



<figure class="wp-block-image size-medium"><a href="/home/wp-content/uploads/2022/02/lollandsgade_62_3h.jpg" data-rel="lightbox-gallery-XqhP1RXj" data-rl_title="" data-rl_caption="" title=""><img loading="lazy" decoding="async" width="300" height="200" data-id="209" src="/home/wp-content/uploads/2022/02/lollandsgade_62_3h-300x200.jpg" alt="" class="wp-image-209"/></a></figure>



<figure class="wp-block-image size-medium"><a href="/home/wp-content/uploads/2022/02/lollandsgade_62_3d.jpg" data-rel="lightbox-gallery-XqhP1RXj" data-rl_title="" data-rl_caption="" title=""><img loading="lazy" decoding="async" width="300" height="200" data-id="205" src="/home/wp-content/uploads/2022/02/lollandsgade_62_3d-300x200.jpg" alt="" class="wp-image-205"/></a></figure>



<figure class="wp-block-image size-medium"><a href="/home/wp-content/uploads/2022/02/lollandsgade_62_3k.jpg" data-rel="lightbox-gallery-XqhP1RXj" data-rl_title="" data-rl_caption="" title=""><img loading="lazy" decoding="async" width="300" height="179" data-id="212" src="/home/wp-content/uploads/2022/02/lollandsgade_62_3k-300x179.jpg" alt="" class="wp-image-212"/></a></figure>
</figure>



<div style="height:34px" aria-hidden="true" class="wp-block-spacer"></div>





<div style="height:28px" aria-hidden="true" class="wp-block-spacer"></div>



<div style="text-align:center" class="wp-block-atomic-blocks-ab-button ab-block-button"><a href="/home/book-fremvisning/" class="ab-button ab-button-shape-rounded ab-button-size-medium" style="color:#ffffff;background-color:#0693e3">Book en fremvisning</a></div>

<p>Lejligheden er beliggende på øverste etage i stille, superhyggelig gade i Øgaderne &#8211; tæt på skole, børnehave, Latinerkvarter, universitet og centrum.Lejligheden har en stue med tagterasse ud til gården og et flot nyere køkken. I forhold til billederne, er der i dag opsat en skillevæg i stuen, så der således er tre gode værelser + [&hellip;]</p>

Lejligheden er beliggende på øverste etage i stille, superhyggelig gade i Øgaderne &#8211; tæt på skole, børnehave, Latinerkvarter, universitet og centrum.Lejligheden har en stue med tagterasse ud til gården og et flot nyere køkken. I forhold til billederne, er der i dag opsat en skillevæg i stuen, så der således er tre gode værelser +&hellip;
